 Suppose -4*i + i + 36 = 0. Suppose -i = -t + 3*t. Let j be t*(-2)/(-18)*-3. Determine h(j).
-8
Let q be 10/(-4)*42/(-35). Let i(o) = 1 - q*o**2 + 3*o - o - o + 2*o**2. Determine i(3).
-5
Let i(k) = -k - 4. Let x(n) = 8*n + 21. Let q(g) = 5*i(g) + x(g). Calculate q(-6).
-17
Let j be -5 - (8 - 7 - 1). Let d(u) = 5*u + 2. Give d(j).
-23
Let t be ((-6)/15)/(2/(-10)). Suppose 10 = 7*u - 4. Suppose u*n - 12 = -t*n. Let x(v) = 3*v - 4. What is x(n)?
5
Let d(m) = m**2 + 11*m - 7. Suppose -5*a = -40*a - 210. Calculate d(a).
-37
Let j(f) be the third derivative of 0 + 1/720*f**6 + 0*f**3 + 0*f**5 + 13/24*f**4 + 0*f - 2*f**2. Let s(d) be the second derivative of j(d). What is s(0)?
0
Let r(o) be the third derivative of 1/60*o**5 - 1/120*o**6 - 1/3*o**3 + 0 + 0*o**4 + 20*o**2 + 0*o. Give r(2).
-6
Let p be (15/(-6))/((-1)/2). Let u(w) = -10*w**3 + 1. Let v be u(-1). Let i(r) = r**2 + p*r + 3*r**2 - v*r - 3*r**2 - 2. Give i(5).
-7
Let t(q) = 91*q + 84. Let o(b) = 12*b + 12. Let p(s) = 15*o(s) - 2*t(s). What is p(7)?
-2
Let v(j) = -5*j**2 - 4*j - 5. Let a(h) = -1 - 14*h**2 - 20*h**2 + 33*h**2. Let y(l) = -2*a(l) + v(l). Give y(-2).
-7
Let s(w) = -46 + 30 + 16 - w. Let k(d) = -d**2 - 4*d + 3. Let h be k(-3). What is s(h)?
-6
Let s be (1/(-5))/(1 - 112/105). Let p(q) be the first derivative of 2 + 9*q + 5/2*q**2 + 1/3*q**s. Give p(-6).
15
Let q be 1 - (4/(-6))/(2/(-27)). Let h(g) = -2*g - 13. Calculate h(q).
3
Let o be ((-20)/(-15))/((-26)/12 + 2). Let p(j) = -11*j**2 - 16*j - 20. Let v(r) = -4*r**2 - 5*r - 7. Let b(h) = 3*p(h) - 8*v(h). Calculate b(o).
-4
Let w = -20145 - -20146. Let b(y) = 23*y**3 + 2*y**2 + 3*y + 1. Let n(v) = 24*v**3 + 3*v**2 + 4*v + 1. Let s(o) = -4*b(o) + 3*n(o). What is s(w)?
-20
Let z(u) be the second derivative of 2*u**3 + u**2 - 358*u. Determine z(0).
2
Let q(t) = -t**3 - t**2 + t - 1. Let n(l) = -3*l**2 - l - 3. Let x(f) = n(f) + q(f). Suppose 2*h - 3 = 3*h. Determine x(h).
-13
Let z(t) = -215*t + 654*t - 215*t - 5 - 222*t. Calculate z(5).
5
Let m(u) be the first derivative of u**2/2 - 4*u - 11. Suppose 3*z - 2*g + 5 = -0*g, 3*z = -2*g + 11. Let d be 3*z/(-2)*-2. What is m(d)?
-1
Let u(a) = -7*a + 12. Let q(x) = -85*x - 169. Let l be q(-2). Calculate u(l).
5
Let m = -17 + 18. Suppose 19 = 5*t - m. Suppose 20 = -t*f, 5*z + f = -3*f + 10. Let k(j) = 2*j - 6. What is k(z)?
6
Suppose -1060 - 268 = 8*i. Let p = 162 + i. Let j(z) = 3*z - 3*z - 3*z - 5 - z**2. Calculate j(p).
-9
Let h(l) = 6 + 1343*l - 1342*l + l**2 - 1. What is h(0)?
5
Let b(n) = 4*n**2 - 4*n - 2. Let z(l) = -11*l**2 + 11*l + 7. Let g(j) = 8*b(j) + 3*z(j). Give g(5).
-15
Let g be 2/(-4) + (-76)/(-8). Let l(b) = b**2 - 12*b + 12. Determine l(g).
-15
Let f be (-10)/(-2) - 44/22. Let s(j) be the third derivative of 1/24*j**4 - 1/3*j**f - 3*j**2 + 0 + 0*j. Determine s(0).
-2
Let x(w) = w**3 - 7*w**2 - w + 16. Suppose -5*t + 31 = 2*m - 4*m, -t + 11 = 2*m. Calculate x(t).
9
Let g(b) be the third derivative of b**5/60 - 3*b**4/8 - 5*b**3/6 + 10*b**2. Suppose 25 = 4*a - 5*k, 2*k - 1 = a - 5. Determine g(a).
5
Let q = -11 + 11. Let v = 3 + -2. Let z be (q - 1) + v + -4. Let p(n) = n**3 + 5*n**2 + 3*n. What is p(z)?
4
Suppose -11 = -3*z - 2*c, -2*z - z + 5 = -4*c. Let w be (-2)/z + (-44)/33. Let b(n) = -2*n**2 - n + 1. What is b(w)?
-5
Let l(q) = 94*q - 4. Let h(o) = -21*o + 1. Let p(a) = -18*h(a) - 4*l(a). Calculate p(2).
2
Let r(q) = q**3 - 5*q**2 - 2*q + 7. Suppose 0 = 3*c - 7 - 50. Let d = 17 - c. Let v = 7 + d. Determine r(v).
-3
Let r(x) be the third derivative of -x**6/120 + x**5/30 + x**4/12 + 4*x**2. Let k be -4 - (-4 - (-160)/4). Let f be (-2)/(k/(-12))*-5. Determine r(f).
-3
Suppose 3*p = 166 - 184. Let g(k) = 2*k + 5. Let u(q) = q + 0*q - 1 + 3. Let v(i) = -3*g(i) + 7*u(i). Calculate v(p).
-7
Let c(m) = 12*m + 3. Let f(i) = -i. Let w(l) = -c(l) - 9*f(l). Give w(-7).
18
Suppose 25 = u - 6*u. Let y be u*-6*(-2)/(-15). Let s = -9 + y. Let j(v) = -v**3 - 4*v**2 + 5*v + 1. Determine j(s).
1
Suppose 2*z - t - 6 = 0, 5*t = z + 3 + 12. Let r(k) be the first derivative of 1/2*k**2 - 2*k - 30 - 1/4*k**4 + 5/3*k**3. What is r(z)?
3
Let c = 21 - 6. Suppose d + c = 3*d - 3*r, 0 = -5*d - 2*r - 10. Let z(g) be the third derivative of -g**6/120 - g**4/24 + g**3/6 + g**2. What is z(d)?
1
Let z(g) = -9*g**3 + 8*g - 3. Let v(m) = -2*m**3 + m**2 + m - 1. Let s(x) = -5*v(x) + z(x). Calculate s(2).
-4
Let i(m) = 2*m + 24. Let x(d) = d + 11. Let y(f) = 4*i(f) - 9*x(f). Calculate y(3).
-6
Let n = -522 - -531. Let a(k) = k**3 - 8*k**2 - 11*k - 4. Give a(n).
-22
Let a(b) = -b**2 + 3*b + 4. Let l(k) = 2*k**2 + 35*k + 24. Let q be l(-17). Give a(q).
-24
Let b(i) = -i**3 + 2*i - 1. Suppose 10*s = 11*s - 1. Let a be b(s). Suppose 0 = -a*z + 2*z. Let m(r) = -r - 4. What is m(z)?
-4
Let u(f) = 38*f - 69*f - 33 + 34*f + 58. Determine u(-10).
-5
Let q(s) = -s - 2. Let v be 8/(-2)*(8 + -9). Suppose -8*j + v*j = -28. Let i(d) = d**2 - 8*d + 2. Let h be i(j). What is q(h)?
3
Suppose 2*c = x + 1, 4*c + 8 - 25 = -3*x. Let f(k) = 0*k + x*k + 1 - 2*k. What is f(6)?
7
Let t(l) = -661*l**2 + 4*l - 655*l**2 + 1317*l**2 - 1. Give t(-4).
-1
Let b(s) = -s**3 + 85*s**2 - 3 + s + 0*s - 81*s**2. Determine b(4).
1
Let o(k) = 5*k**3 + k**2 - 3. Let d(j) = 7*j**3 - j**2 - j - 4. Let b(l) = 2*d(l) - 3*o(l). Determine b(-4).
-7
Let f(g) = -g**2 + 1 + 3 - 4*g - 6. Suppose -5*m + 18*m = -65. Calculate f(m).
-7
Let h(s) = -s**3 + s**2 + 3*s + 5. Let p be h(-4). Suppose 5 + p = 3*k. Suppose -2*v + 4*v = 4, -v - k = -4*j. Let y(o) = o**2 - 7*o + 5. Calculate y(j).
5
Let t(y) = 2*y**2 - 14*y - 3. Let m be t(7). Let v(o) = 2*o**3 + 3*o - 1. Let a(z) = -z**3 - z**2 - 2*z + 1. Let k(u) = m*a(u) - 2*v(u). What is k(2)?
3
Let z(s) = 2*s + 13*s**2 - 15 + 13*s + 15 - s**3 - 6. Calculate z(14).
8
Let x(n) = -n**3 + 3*n**2 - 2*n + 1. Suppose 0*q = 5*q - 135. Let c = q + -25. Determine x(c).
1
Let d(a) = -155*a + 152*a - 3*a**2 - 1 + 4*a**2. Let i = 30 - 28. Determine d(i).
-3
Let d(a) = -3 + 7 - 1 - 2*a + 5*a + 7. What is d(-9)?
-17
Let i be (-16 - (4 + -7)) + -1. Let g = i + 14. Let m(f) = -2*f + 0*f + g*f. Give m(-5).
10
Let n(p) = -p**3 + 12*p**2 - 35*p + 4. Let m be n(5). Let v(o) = -4*o - 4*o**2 + 0*o - 3*o + 2 + 5*o + o**3. Determine v(m).
-6
Let r(a) = -a**3 - 2*a**2 + a + 1. Let q be 6/(-75)*-5*-5. Let b be 2 + 3*(q - -3). Suppose 4*j + 2*l = -2*l - 4, 3*j + b*l + 1 = 0. Determine r(j).
-1
Let j(n) be the third derivative of -n**5/20 + n**4/8 - n**3/2 - 118*n**2. Let b = 0 - -2. What is j(b)?
-9
Let w(g) = 2*g**3 + 2*g**2 - 2. Let l(b) = b**3 - 5*b**2 + 4*b + 14. Let q be l(6). Suppose -4*s + q = -5*c, 3*s - 7*c - 57 = -4*c. Let a = 19 - s. Give w(a).
-10
Let p be -1 - (-4)/8*0. Let t be (-2 - p)/((-6)/(-30)). Let x(v) = -3*v - 1. What is x(t)?
14
Let g = -34 + 32. Let u(h) = -2*h - 3. Let z(v) = -8*v - 13. Let q(r) = g*z(r) + 9*u(r). Let c = -5 + 3. Calculate q(c).
3
Let t(n) be the third derivative of n**6/120 + n**5/60 - n**3/3 - 371*n**2. Let j(w) = w**3 - 2*w**2 - 3*w. Let g be j(3). Determine t(g).
-2
Let v(y) be the first derivative of y**4/4 - y**2/2 + 7*y + 5. What is v(0)?
7
Let c(d) be the second derivative of -d**5/20 + 3*d**4/4 + 4*d**2 + 141*d. Calculate c(9).
8
Let v = 911 - 913. Let y(s) = -4*s**2 - s + 5. Let b(f) = -f**3 - 4*f**2 - f + 4. Let r(c) = -3*b(c) + 2*y(c). Determine r(v).
-12
Let i(f) = -f**3 + 4*f**2. Let w be (22/(-14) + 3)/((-4)/(-28)). Suppose 2*n - 6 - 18 = 5*r, -3*n = -r - w. Give i(n).
8
Let g(f) = 15*f**3 - 2*f + 1. Let n(h) = 34 - h - 30 + h**2 - 3*h. Let z be n(3). Suppose 5 - z = 4*l. What is g(l)?
14
Let q(g) be the first derivative of -3*g**2 - g + 235. Determine q(1).
-7
Let d = 67 + -50. Let g(s) = s - 19. Let l be g(d). Let c(x) = x**3 + 2*x + 1. Give c(l).
-11
Let h(d) = d**2 + d - 1. Let q be ((-5)/(-2))/((-8)/16). Let s(y) = y**3 + 8*y**2 + 5*y - 5. Let b(z) = q*h(z) + s(z). What is b(-3)?
0
Suppose 3*z = 5 + 16. Let l(y) = 11*y - 958 - 5*y + 953 - 4*y. Determine l(z).
9
Let i(n) be the second derivative of -n**5/60 + 5*n**4/24 - 5*n**3/6 + 17*n**2/2 - 36*n. Let m(p) be the first derivative of i(p). What is m(6)?
-11
Suppose a + 4*a - 18 = 4*y, -2*a - y + 2 = 0. Let w(h) = 5*h - 1 - 1 - 2*h**2 + h**a - 9*h. Calculate w(-5).
-7
Let c(y) = 5*y**2 + 8*y + 6. Let d(m) = -3 + 14 + 6